**2 - 37*f + 7. Let b(q) = q**2 + 19*q - 4. Let n(g) = -11*b(g) - 6*u(g). Let l be n(-11). What is the tens digit of 6/8 - 425/l?
2
Let i = 397 - -70. What is the hundreds digit of i?
4
Suppose -2*n - 58 = -18. Let c be n/(-2) - -2 - 1. Let i = -10 + c. What is the units digit of i?
1
Suppose a - 2260 = l, 0 = 2*a + 23*l - 19*l - 4526. What is the hundreds digit of a?
2
Let k(g) = 31*g + 25. Let p be k(-4). Let o = -45 - p. What is the units digit of o?
4
Let w = 2000 - 897. Suppose 0 = 9*m + 167 - w. What is the units digit of m?
4
Suppose -360 = -3*z + z. Suppose -4*g - 160 = -4*r, 0 = -5*r - 2*g + z - 15. What is the tens digit of r?
3
Let d(m) be the third derivative of -m**4/12 - m**3/3 - 5*m**2. Let p be d(-5). What is the tens digit of (-63)/(1 + (-20)/p)?
4
Suppose -32912 + 9980 = -18*v. What is the thousands digit of v?
1
Let s(v) = -2*v + 4. Let g(q) = -5*q + 9. Let c(z) = -4*g(z) + 7*s(z). Let t be c(4). What is the tens digit of (26/(-3))/(t/(-96))?
5
Let t(g) = -g**3 - 3*g**2 + 2*g - 1. Let k be t(-4). Let f = 8 + k. What is the units digit of f?
5
Let u be 2/4*(-4 + -8). Let n(y) = -2*y + 8. What is the tens digit of n(u)?
2
Let f = 1761 - 1458. What is the units digit of f?
3
Let r(l) = -14*l - 410. Let s be r(-29). Let a(h) = 2*h - 9*h - 4*h + 8. What is the tens digit of a(s)?
5
Let j = -69 + 337. What is the hundreds digit of j?
2
Let s be ((-9)/(-2))/((-4)/(-8)). Suppose -16 = -s*c + 8*c. What is the units digit of c?
6
Let m = 7 + -2. Let h = m - -42. What is the tens digit of h?
4
Suppose -7*a - 37 = -8*a. Suppose a + 50 = 3*q. What is the tens digit of q?
2
Suppose -z - 2*z + 4041 = 3*c, 4*z = -c + 5391. Suppose 0 = -9*j - 484 + z. What is the tens digit of j?
9
Suppose 1142 = -4*h + 6*h. What is the units digit of h?
1
Let s be 5/(5/(-2)) + 4. Let g(p) = 2*p + 0 - 12*p**3 + 13*p**3 - 3*p**s - 2. What is the units digit of g(3)?
4
Let c = -1209 - -2062. What is the hundreds digit of c?
8
Let n(u) = -255*u**3 + u. Let j be n(-1). Let o be 6/27 + j/(-9). Let k = -11 - o. What is the units digit of k?
7
Let u = -24 - -16. What is the units digit of (-6)/((2/64)/(u/16))?
6
Suppose 284*o - 281*o - 8085 = 0. What is the hundreds digit of o?
6
Suppose j = -3*n + 2*j + 626, -3*j - 1046 = -5*n. What is the hundreds digit of n?
2
Suppose 6*x = 4*x. Let f(w) be the third derivative of w**4/24 + 10*w**3/3 + 6*w**2. What is the tens digit of f(x)?
2
Suppose -2*z - 19 = -2*b + 9, 2*b = 5*z + 43. Let o(r) = -r**3 + 9*r**2 + 3*r - 11. What is the tens digit of o(b)?
1
Let t(b) = b**3 + 31*b**2 + 38*b - 172. What is the tens digit of t(-27)?
1
Let j(h) = 3*h**2 - 53*h + 12. What is the tens digit of j(-18)?
3
Suppose 47 + 109 = 2*n. Suppose 2*q + 21 = -5*h, -2*q = -3*h + 6*h + 11. Suppose q*v + v - n = 0. What is the units digit of v?
6
Let g = 13 + -141. Let t = 249 + g. Let q = -54 + t. What is the units digit of q?
7
Let h(t) be the third derivative of t**4/8 + 5*t**3/3 - 2*t**2. Suppose 2*r = -r + 33. What is the units digit of h(r)?
3
Let f be -2 + (-2)/(-1) + 5. Let p = -3 + f. Suppose 2*l - x = 8, -6*l + p*l - 4*x = -28. What is the units digit of l?
5
Let c(x) = -x**3 - 7*x**2 + 148. What is the tens digit of c(0)?
4
Let d(f) = f**3 + 9*f**2 + 6*f - 4. Let r(v) = -v**3 - 7*v**2 - 5*v - 2. Let l be r(-6). Let a be d(l). Suppose c - a = -0. What is the tens digit of c?
1
What is the hundreds digit of 25128/120*-2*-1*5?
0
Suppose 5*r = 3*w + 21, 2*r - 2*w = -w + 9. What is the tens digit of (-2 + 4 - r)/((-3)/18)?
2
Suppose -2*x = 2*c - 34, -3*x = 3*c - 4*x - 51. Let r(a) be the third derivative of a**4/12 + 5*a**3/2 - 6*a**2. What is the units digit of r(c)?
9
Let s(g) = -g**3 + 10*g**2 - 9*g + 12. Let v be -1 - (-9 - 0/2). Let q be s(v). Suppose -4*d - 3*h + 129 = -2*h, q = 2*d + 4*h. What is the tens digit of d?
3
Let j be 17/(0 - (-4)/32). Suppose -u = 3*u - j. Suppose 5*c = 3*i - 8, 0*i + 4*i - u = 2*c. What is the units digit of i?
1
Suppose 16*c - 18547 - 24077 = 0. What is the tens digit of c?
6
Let f = 17 - 2. Let v be (6/15)/((-3)/f). What is the units digit of 18 - v - 3 - 2?
5
Suppose -4*z + 3*p + 11 = 0, -4*p = -z + 4*z - 2. Suppose 0*d + z*d = 58. What is the units digit of d?
9
Suppose -2*i = -39*a + 38*a - 945, 0 = -3*i - 4*a + 1434. What is the tens digit of i?
7
Suppose -53 + 375 = -7*f. What is the tens digit of 3/(0 + -1) + 4 - f?
4
Let w(z) = 4*z + 4. Suppose 5*h = 2*u - 1 + 13, 0 = 3*u - 4*h + 4. Let v be w(u). Suppose -2*l = -6*l + v. What is the units digit of l?
5
Let o = -22 - -21. What is the units digit of o + 10/(3 - -2)?
1
Let w(j) = -j**3 - 8*j**2 + 6*j - 21. Let m be w(-9). Suppose 198 + 444 = m*i. What is the units digit of i?
7
Let w = 8 - -6. Let q(c) = -6*c + 13. Let t(u) = -2*u + 4. Let v(n) = -3*q(n) + 8*t(n). What is the units digit of v(w)?
1
Suppose 4*m + 16 = 3*y + 1074, -2*m - 5*y + 516 = 0. What is the hundreds digit of m?
2
Let r(d) = -d**3 - 5*d**2 - 7*d + 18. What is the tens digit of r(-8)?
6
Suppose 8*m = -2*m + 20. Suppose -m*d + 190 = -2*w, -3*w = d + d - 165. What is the units digit of d?
0
Let b = -19 - -22. Let n be (-18)/(-9) - b*1. What is the units digit of n - (3/(-1) - 5)?
7
Let i be (-7)/((-7)/2) - 11. Let j = 24 - i. What is the tens digit of j?
3
Suppose 5*j - 1015 = 10*n - 8*n, j = -n + 196. What is the tens digit of j?
0
Suppose 1 = 3*m + 7, -4*r - m = -158. What is the units digit of r?
0
Let o = 6 - 3. Suppose -d + 146 = 5*v, -3*v = 4*d - 272 - 380. What is the tens digit of d/3 - (-2)/o?
5
Suppose 0 = -5*s - 15, -4*z = -7*z - 2*s + 1110. What is the tens digit of z?
7
Suppose -136 + 576 = c. Suppose 6*a = 112 + c. What is the units digit of a?
2
What is the hundreds digit of ((-6181)/14)/((-1)/2)?
8
Suppose 0 = -3*j - 2*u + 112, 3*j - 3*u = u + 100. Suppose -49 = -z + 2*m - 7, -4*m - j = -z. What is the units digit of z?
8
Suppose -3*j = d - 241, 11*d + 5*j = 7*d + 971. Suppose 0 = -23*w + 19*w + d. What is the units digit of w?
1
Suppose 5*a + 27 + 108 = 0. Suppose -3*v - 5*q + 76 = -32, 0 = -4*v + q + 167. Let z = v + a. What is the tens digit of z?
1
Let v = 86 - 155. Let z = -62 - v. What is the units digit of z?
7
Let n(q) = q**3 + 12*q**2 + q + 16. Let x be n(-12). Let w = x + -2. Suppose 45 = w*h + 11. What is the units digit of h?
7
Suppose -5*a - 3*g + 3897 = 0, 3*g = -12 + 24. What is the units digit of a?
7
Let w = 3465 - 2214. What is the hundreds digit of w?
2
Let c = 24 - 4. Suppose -2*g = -0*g - c. Let f = 52 - g. What is the units digit of f?
2
Let v = -621 - -1032. What is the tens digit of v?
1
Suppose -5*y + 5*v + 32 = -8, -3*v = 5*y - 64. Suppose -528 = 3*b - y*b. What is the tens digit of b?
6
Let i(w) = -11*w + 29. Let s be i(3). What is the hundreds digit of s/(-4)*1 - (-283 - 3)?
2
What is the tens digit of (-646)/(-6) + (-280)/(-210)?
0
What is the thousands digit of 28/63 + 18730/18?
1
Let b(l) = 26*l**2 + 9*l + 11. What is the units digit of b(-10)?
1
Let l(v) = v**3 - 4*v**2 - 11*v + 13. Let h be l(6). What is the hundreds digit of (h + -2)*15 - 0?
2
Suppose 196*w = 190*w + 14466. What is the tens digit of w?
1
Suppose -2*n + 2*s = -2, -2*s + 10 = 3*n + 2*s. What is the units digit of (-3 + 249)/n + 0/3?
3
Suppose -4*y + 6913 = 5*c, 5*y = 5*c + y - 6897. What is the hundreds digit of c?
3
Let q = -355 - -844. What is the tens digit of q?
8
Suppose 4*y + 4*t = 12, y - 16 = 4*y - 2*t. What is the hundreds digit of -3 + 488/((-8)/y)?
1
Let b = 1224 + 169. What is the hundreds digit of b?
3
Let f = 13 - -5. Suppose -y + f = 47. Let h = y - -54. What is the units digit of h?
5
Suppose 0*u - 10 = -5*u. What is the units digit of 4/((3 + u)/10)?
8
What is the hundreds digit of 5/((-35)/(-9954)) - 4?
4
Suppose 14*h - 586 = 15*h. Let d = -388 - h. What is the units digit of d?
8
Let r(n) = 6*n**3 - 6*n**2 - 17*n + 12. What is the tens digit of r(5)?
2
Let r be (-10 + (-10)/(-2))*(-2 - -1). Suppose -307 - 183 = -r*i. What is the tens digit of i?
9
Let s = -909 - -1534. What is the hundreds digit of s?
6
Let g(j) = 2*j**2 + 3*j + 3. Let x be g(-1). Suppose 79 = b - 2*m, 8 = x*m - 4*m. What is the tens digit of b?
7
Suppose 4*k - 5*l - 22 = 0, -2*k - 2*l + 11 = 3*k. Suppose 8 = -k*m + 5*m. What is the tens digit of m/16 + (-78)/(-8)?
1
Let n(w) be